m a composite number?
False
Suppose -x = 4*j + 8, 0 = 4*x + 4*j + 3 - 19. Let k(f) = -3*f + 27. Let z be k(x). Suppose 0 = -z*t - 12, s - 4*s + 3*t + 123 = 0. Is s composite?
False
Suppose 3*o + 927 = -198. Is (-8675)/o - (-2)/(-15) prime?
True
Let p be -1 + 1 + (2 - -7)/3. Suppose -2*f - 2*g = -12390, -18593 = -3*f + p*g - 2*g. Is f a prime number?
True
Is (-2108588)/30*(-10095)/1346 a prime number?
False
Let i(t) = 12781*t - 5486. Is i(73) a composite number?
True
Is (2*(1 + -2))/((-2)/14386) a composite number?
True
Suppose -5*f + 18 = -r, r - 3*r = 3*f - 29. Let v(c) = c**2 - 4*c - 17. Let i be v(r). Suppose j + i*j + a = 2468, 3*j - 3*a = 1470. Is j a prime number?
False
Suppose -583*q + 578*q + 1835752 = -3*g, -g + 1 = 0. Is q composite?
True
Let t(u) = 15*u - 19. Let a be t(2). Suppose a*r = 12*r, w + 5*r = 3433. Is w composite?
False
Let r(n) = -1 - 6 + 1 + 39 + 697*n. Let z be r(-3). Let a = -971 - z. Is a a prime number?
True
Let y be -2*1 - (-7*4 + 3). Let h = y - 30. Let z(r) = 3*r**2 - 2*r - 15. Is z(h) prime?
False
Let x be ((-11)/(33/(-12)))/(-1). Let l(p) = -592*p + 27. Is l(x) prime?
False
Let o(g) = 28 - g + 118*g**2 + 27 - 91 + 32. Is o(-5) a prime number?
False
Let h(g) be the first derivative of -g**4/4 + 2*g**3 - 4*g**2 + 14*g + 32. Let d be h(4). Let i(z) = z**3 - 10*z**2 - 8*z - 41. Is i(d) a composite number?
False
Let t(c) = 2*c + 21. Let z be t(-9). Let i(d) = 2*d**2 + d - 958 - 64*d**z + 962 - 28*d**3. Is i(-3) a composite number?
False
Let a = -25314 - -13954. Is (-1 + 0)/(7/(-1 + a)) composite?
True
Let d(j) = -9*j**3 + 4*j**2 - 3*j - 2. Let f be d(2). Let y = f + 34. Is 5/y + 3189/18 prime?
False
Let y be ((-3 - 5330)*-1)/(-1). Let m = 3710 + y. Is ((-2)/2)/(3/m) a prime number?
True
Let y = -7119 - -390370. Is y prime?
False
Let s be -1 - ((-87)/1 - -1). Let n = s - 185. Let c = -54 - n. Is c prime?
False
Suppose 0 = -3*b + 5*g + 1040611, -4*b - 444*g + 447*g + 1387474 = 0. Is b a composite number?
False
Suppose -4*u + 0*u - 4*o + 68 = 0, -u = -5*o + 13. Suppose u*c = 9*c + 5151. Is c a composite number?
True
Let j(t) = -3015*t**2 + 4*t - 22. Let m be j(3). Let p = 48454 + m. Is p a composite number?
True
Let i = 40384 + -20426. Let g = -549 + 532. Is ((-2)/4)/(g/i) a prime number?
True
Suppose 5*w = 2*h + 10, -3 = 3*w - 15. Is (h - 3)*3343/2 a composite number?
False
Let g(z) = 3*z**3 - 67*z**2 - 54*z + 375. Is g(67) a prime number?
False
Suppose x = -2*x + 5*h - 168, 0 = 5*h. Let k be ((-647)/(-4))/((-14)/x). Suppose -8*c = -1761 - k. Is c composite?
True
Let u = 161 - 112. Let l(k) = 4*k**2 - 151*k + 371. Let g be l(35). Is (-21)/u - 5312/g prime?
True
Suppose 12*d - 141528 = 4963868 + 2160256. Is d prime?
True
Let l(s) = -10*s - 28. Let f be l(-4). Suppose f*g = -221 + 3089. Is g prime?
True
Let u(b) = -734*b - 3. Suppose 3 = 2*y - y. Suppose -8*k + 7 = -7*k - y*w, 0 = w + 3. Is u(k) a prime number?
False
Suppose -9*d - 5*k + 1990 = -5*d, 0 = -3*k - 6. Let v = -619 + 1270. Suppose -g + d = -v. Is g a composite number?
False
Let l(g) = 306*g**2 + 4*g - 3. Suppose -19*w + 150 - 131 = 0. Is l(w) a prime number?
True
Let h(v) = -83*v + 10. Let y be 12/16 + 54/(-8). Let b be 6/y*(2 + 7). Is h(b) composite?
False
Let w be 2/(-6)*(-62 + 8). Suppose -w*f + 20*f = 506. Is f a prime number?
False
Is (-1420285)/(-5) - (-8 + 26) prime?
False
Suppose -1472820 - 359283 = -63*q. Is q a prime number?
False
Let y be 3 + -12 + 7 - (5/5 + 4). Let d(s) = 2*s + 10*s**2 + 5*s + 3 - s. Is d(y) a prime number?
False
Let m = 257591 - 65532. Is m prime?
False
Let n(b) = 69 + 0*b + 7*b + 89*b**2 - 111 + 7*b. Is n(5) composite?
True
Let r(o) = 69*o**2 + 602*o + 327. Is r(56) a composite number?
False
Suppose -5*c + 116995 = -4*f, 3*f - 6*f = 4*c - 93596. Is c a prime number?
True
Let o = 257768 - 149899. Is o a prime number?
False
Let q(d) = 77*d**2 - 412*d - 19. Is q(20) prime?
True
Let o(a) = -244*a - 108. Let r be o(-33). Suppose 2*m - 13212 = -2*h - 5274, 0 = 2*m + 5*h - r. Is m prime?
True
Let c(v) be the second derivative of -6*v**3 + 43*v**2/2 + 4*v. Is c(-18) a composite number?
False
Suppose 3*z = -2*g + 32390, 22*z = -5*g + 24*z + 81013. Suppose -150*b + 133*b + g = 0. Is b composite?
False
Suppose -444*l - 100 = -449*l. Let p(q) = -35 - 19 + 8*q + 13. Is p(l) a composite number?
True
Let n be 2/4 - 3553/38. Let w = 95 + n. Suppose -w*k + 219 + 275 = 0. Is k prime?
False
Let j(b) = -1180*b - 59. Let k(g) = 1179*g + 61. Let t(h) = -5*j(h) - 4*k(h). Is t(5) a prime number?
False
Let d(u) = 16*u**2 + 62*u - 427. Suppose -294 = 33*n - 39*n. Is d(n) a composite number?
True
Let z(c) = -112*c + 263. Let f = 610 - 639. Is z(f) composite?
False
Suppose 1093483 = 3*g - 2*f, -4*g + 1884010 = -3*f + 426035. Is g prime?
True
Let d(w) = -204497*w - 720. Is d(-5) a composite number?
True
Let f(q) = -q**3 + q**2 - 663. Let b be f(0). Let d = 75 + b. Let z = -37 - d. Is z prime?
False
Is ((-730830)/70 + -13)/(4/(-14)) composite?
False
Is (-1)/30*-17163214 + (340/(-300) - -1) a composite number?
False
Suppose y = 4*y - 45. Suppose -y*v + 799 = -3086. Is v a prime number?
False
Let f(z) = z**3 + z**2 + 6*z + 19. Suppose -u + t + 6 = 0, 5*u + 2*t + t = 14. Let x be 2*(8 - u) + 1 - 3. Is f(x) a prime number?
True
Let u(f) = -142*f**2 - f - 26. Let g(z) = -141*z**2 - 27. Let x(j) = -3*g(j) + 2*u(j). Is x(5) prime?
False
Let z(d) = -d**3 + 4*d**2 + 3*d. Let y be z(0). Is ((16510 - y) + -7)/3 a composite number?
False
Let f = -2742 + -22681. Let r = f - -48320. Is r a composite number?
True
Let o be 3312/(-54) + 2/6. Is (o/(-183))/((-2)/(-42378)) a composite number?
True
Let l = 468778 + -168221. Is l composite?
False
Let s be -2 - (-2)/(-4)*(10 - 14). Suppose -2*c - 10 = 0, s*d + 3*d - 4*c = 2429. Is d a prime number?
False
Suppose -10 = -3*k + 4*k - 3*x, k + x - 10 = 0. Suppose -g - 77 + 6315 = k*r, -r + 12458 = 2*g. Let c = g - 3913. Is c a prime number?
False
Let y(c) = c**3 - 8*c**2 - 10*c + 14. Let n be y(9). Suppose -z + 2359 = 4*g, -5*g + 7181 + 4629 = n*z. Is z a prime number?
False
Suppose 0 = -27*v + 9*v + 6901110. Is v a prime number?
False
Suppose 0 = 9*w - 12*w - 27. Let n = w - -11. Is (-35 + n)*(-23)/3 a composite number?
True
Let x = -90957 + 257728. Is x composite?
True
Let c(f) = 10*f**3 - 4*f**2 + 5*f - 11. Let w be c(5). Let n = w - 243. Is n composite?
True
Let j be (-3588053)/(-28) - 1/(-4). Suppose -8882 = -11*r + j. Is r a prime number?
True
Let s(y) = 38951*y - 943. Is s(14) a composite number?
True
Suppose 100031 + 52105 = 3*k - 5*o, k + o - 50704 = 0. Is k prime?
True
Suppose -3*p - 1 = -2*p, -2*p = -2*o + 101484. Is o a prime number?
True
Let p(q) = q**3 + 8*q**2 + 12*q + 2. Let t be p(-3). Is (-1087)/((t + -12)*1/1) prime?
True
Is (-1 - 94491)*(-430)/344 a prime number?
False
Let f(j) = 103*j**3 - 13*j**2 + 93*j + 30. Let o be f(14). Suppose -18*z + o = -246470. Is z composite?
False
Suppose 703*r = -717*r + 1437*r - 22355. Is r a composite number?
True
Suppose -w + 9 = -5*b, -4*w - w = -3*b - 23. Suppose 7*j - w*n = 3*j + 14960, 11226 = 3*j - 5*n. Is j a composite number?
True
Let h(q) = 177*q - 925. Let s be h(8). Let f be (-6)/(((-45)/(-2586))/(-5)). Suppose -l - 3*a + f = 0, -3*l - 4*a = -5658 + s. Is l prime?
True
Suppose -55552701 = -240*j + 323051379. Is j prime?
False
Let i(c) = 543*c + 458. Is i(9) a prime number?
False
Let t = -50 - 104. Let d = -87 - t. Suppose d = 4*s - 105. Is s composite?
False
Let g(m) = 660016*m**2 - 196*m + 197. Is g(1) composite?
True
Suppose 0 = -6*s - 7*s - 38584. Let x = s + 4765. Is x composite?
True
Is (431647/51)/(-4*(-5)/60) composite?
False
Let y = -34 - -39. Let o(i) = 533*i + 6. Is o(y) prime?
True
Suppose 0 = -2*k - 5*s - 1 - 3, 3*k = 2*s + 32. Let d be -2*(-2)/k*(11 - 13). Is (12/(-10))/((-6)/2190) + d a composite number?
True
Let d = -5 - -9. Suppose d*i + 3461 - 58515 = 3*v, -3*i + v + 41293 = 0. Is i prime?
False
Let a be (-453)/1 + -2 + 5 + -1. Let t = -877 + a. Let m = t - -1917. Is m a prime number?
False
Let o = -3183 - -5409. Let g be o/8 + (-21)/(-28). Suppose -3*x = -g - 195. Is x prime?
False
Let r(v) = 88*v**2 - 2 + 16*v - 15*v**2 + 42*v**2. Is r(-9) a prime number?
False
Let o = 32 + -27. Suppose o*g - 223 = -2*u, -15 = -g - 2*g. Let z = 166 - u. Is z pri